i + 40 = z*i. What is the units digit of i?
8
Let u(p) = p**3 + p**2 - 3*p + 7. What is the tens digit of u(4)?
7
What is the tens digit of 196/3 + 18/(-54)?
6
Let b(v) = -1 - 6*v - 7 + v. What is the tens digit of b(-7)?
2
Let s(f) be the second derivative of 0 + 1/6*f**3 - 5/2*f**2 - 2*f. What is the units digit of s(7)?
2
Let p(k) = k**3 + 2*k**2 - 3*k + 2. Let f be p(-3). Suppose 0*q - 4 = f*q. What is the units digit of (5 + q)*(-2 + 5)?
9
Let l(h) = h + 14. Let c be l(-11). Suppose 8*f - c*f - 120 = 0. What is the units digit of f?
4
Suppose -3*g = -3*h, -4*g - g + 25 = 0. Suppose h*q - x - 4 = 0, 3*q + 3*x = -0*x + 6. What is the units digit of q?
1
Suppose 332 = 4*s - y, -s - 3*s - 4*y = -332. What is the units digit of s?
3
Let d be (-15)/(-3)*1 + -1. Suppose 4*r = 3*m + d - 1, -2*r - 6 = 0. What is the units digit of m/(-10)*8/2?
2
Let p(x) = -x**3 + 3*x**2 + x + 4. Let s be (-8)/12 + 17/3. Suppose s*k - 17 = -2. What is the units digit of p(k)?
7
Let k = -9 - -15. Suppose 4*m - 2 = -3*l, k*m - 4*l = 2*m + 16. What is the units digit of m?
2
Let w(g) = -8*g + 66. Let k(h) = -3*h + 22. Let p(z) = 11*k(z) - 4*w(z). Let m be p(0). Let n = m + 31. What is the units digit of n?
9
Let s be 2/(-2 + (2 - 1)). Let g be (s + 14/5)*5. Let l = -2 + g. What is the units digit of l?
2
Let k(c) = c + 1. Let y = 1 + -1. Suppose -5 = 3*q - d, -q + d - 5 = -y*q. What is the units digit of k(q)?
1
Suppose 3*w - f = 2*w + 8, 2*w - 4*f - 14 = 0. Let i be (-6)/w - (-52)/6. Let r(d) = d**2 - 8*d + 8. What is the units digit of r(i)?
8
Let u(j) = 2*j**2. Let z be u(-1). Suppose 0*k + z*k - 4 = 0. Suppose 0*p + 24 = k*p. What is the tens digit of p?
1
What is the hundreds digit of 3/(-6) + (-1101)/(-6)?
1
Let n(z) = -z**2 + 9*z - 4. Let t be 1/(-4) + 100/16. What is the units digit of n(t)?
4
Suppose 0*o - 3*i + 25 = 4*o, -5*i = -o + 35. What is the tens digit of o?
1
Let j(g) = 8 + 5*g**2 - 8*g - 2*g**2 - 3*g**2 + g**2. Suppose -4*x = -x - 21. What is the units digit of j(x)?
1
Let h(k) = 10*k - 10. What is the units digit of h(4)?
0
Suppose -2*s - 3*s = -215. What is the tens digit of s?
4
Let y(g) = -g + 223. What is the hundreds digit of y(0)?
2
Let f(b) = -b**2 + b - 3. Let v be f(9). Let x be 1/(-3)*v/5. Suppose -x*o + 36 = -9. What is the units digit of o?
9
Let x(v) = -v**3 + v - 2. Let r be x(0). Let k = r + 4. Suppose -36 = -5*p - 4*a, -p - k*p + 32 = 5*a. What is the units digit of p?
4
Suppose -2*k - 34 = -14. What is the units digit of (k/(-3))/(3/9)?
0
Suppose -3*y - 9 = -3*s, 2*y - 4*s = -3*y - 12. Suppose -80 = -5*m - y*m. What is the units digit of m?
6
Suppose -2*z + 4*b = -0*b - 18, -3*z - 5*b + 38 = 0. What is the units digit of z?
1
Let s(v) = 3*v + 1. Let b be s(5). Let d = b + -5. What is the units digit of d?
1
Let x(g) = g**3 + 5*g**2 + 4. Suppose 4*t + 5*u - 15 = 0, -3*t + 3*u + 4 - 13 = 0. Suppose 2*k + t*k = -8. What is the tens digit of x(k)?
2
Let k(m) = -m - 4. Let a be k(-3). Let x be ((-16)/(-24))/(a/(-6)). Suppose 0 = -x*h + 1 + 3. What is the units digit of h?
1
Suppose t = -3*k + 4, -3*k + 9 = k + 5*t. Let v be -5*(k - 0)*-1. Suppose -2*x = j - 21, x + v*j + 7 = -5. What is the units digit of x?
3
Let y = 129 + -77. What is the tens digit of y?
5
Suppose 2*a = 5*v + 105, 0 = -a - v - 3*v + 59. What is the units digit of a?
5
Let m(r) = r**3 + 9*r**2 - 3*r - 9. Let g be m(-7). Suppose v = -4*v - g. What is the tens digit of (4 + -2)/(-4)*v?
1
Let h(x) = 8*x**2 - 7*x**2 + 0*x**2 + 3*x - 3. What is the units digit of h(-4)?
1
Let a = 4 + 4. Let d(u) = 0*u**2 - u + a*u**2 + 7*u**2. What is the tens digit of d(1)?
1
Let p(y) = 3*y - 41. What is the units digit of p(19)?
6
Let d(x) = -x**3 + x. Let c be d(1). Let a(m) = -m + 7. What is the units digit of a(c)?
7
Suppose -1 = c + u - 6, 2*c = 2*u + 2. Let t = c + 0. Suppose 0 = t*h + 3*g - 21, -5*g + 0 + 29 = 4*h. What is the units digit of h?
6
Suppose -o = 3*u - 14, -5*o + u = 7 - 45. Let y(z) = z + 1. What is the units digit of y(o)?
9
Let b(j) be the third derivative of j**7/840 - j**5/60 + j**4/24 - j**3/6 - 2*j**2. Let m(i) be the first derivative of b(i). What is the units digit of m(2)?
5
Suppose 3*d - 4 = -1, -3*q + 3*d + 288 = 0. What is the units digit of q?
7
Suppose -22 = -2*s - 3*d, -s + 3 = d - 6. Suppose 0 = s*p - 31 - 34. What is the tens digit of p?
1
Suppose -3*w = w - 4*i - 132, 2*i = -4. What is the units digit of w?
1
Let c = -1 + 3. Suppose -s = 3*u + 1, -4*u + 5*u + s + 1 = 0. Suppose u = -2*a - c*y + 16, 0 = -a + 4*y + 4 - 16. What is the units digit of a?
4
Suppose 2*u - 4*u + 156 = 0. Suppose -i = 2*i - u. What is the units digit of i?
6
Suppose -3*q = 4*l - 17, 2 - 6 = -2*l. What is the units digit of q - 4*14/(-4)?
7
Suppose 0 = -4*s + 12, -s = -2*k + 17 - 2. Let w = k + -3. What is the units digit of w?
6
Let u(q) = 2*q**2 + 1 - q**2 + 7 - 2 - 3*q. What is the tens digit of u(6)?
2
Let w = 8 - -15. Let k = w - 12. What is the units digit of k?
1
Suppose -2*o = -3*o + 12. What is the tens digit of o?
1
Let b(u) = u + 5. Let x be b(0). Let z = x + 3. What is the units digit of z?
8
Suppose -116 - 172 = 6*q. What is the tens digit of (q/10)/(9/(-60))?
3
Let d(o) = 7*o - 7. Let r(j) = -j**2 + 5*j - 1. Let g be r(3). Let w be d(g). Suppose -2*s + 4*z = -w, 3*s - 33 = s + 5*z. What is the units digit of s?
4
Let w(t) = t**2 - 3*t + 4. Let p be w(3). Suppose -p*r + 22 = -30. What is the units digit of r?
3
Let j = -12 - -15. What is the units digit of (-3)/(-18)*j*6?
3
Suppose 4*k + 35 = 4*h + 95, -3*h = 12. Suppose -a = -2*a + k. What is the units digit of a?
1
Let w(j) = 2*j - 3. Suppose 0 = b + 2*i - 10, i = 4*b - 51 - 7. What is the tens digit of w(b)?
2
Let x(k) = 2*k**3 + k + 3. What is the units digit of x(3)?
0
Let k be -7*(-2 + 1) + -3. Let p(f) = -f**3 + 5*f**2 + 2*f. What is the tens digit of p(k)?
2
Let n(i) = 2*i**2 + 5*i + 2. Let u be n(-3). Suppose -1 = -u*d + 19. Suppose 4*q - 2*w = 20, d - 19 = -q + 3*w. What is the units digit of q?
3
Suppose -3*c = -5*c + 122. What is the tens digit of c?
6
Suppose -11 = 2*r - 1, -f - 3*r = -27. What is the tens digit of f?
4
Let p(t) = -t**3 - 6*t**2 + 7*t - 8. What is the tens digit of p(-8)?
6
Suppose 3*p = -3*x - 129 + 612, -2*x + 324 = p. What is the tens digit of x?
6
Suppose 0*r + 2*r - 18 = 0. Suppose -r*w = -7*w - 78. What is the units digit of w?
9
Let z(j) = -j**2 + 9 - 3 + 0*j + 6*j. Let c be z(6). Suppose r = 2*i - c, 0 = -0*r - 2*r - 8. What is the units digit of i?
1
Let r = -2 + 4. Let u = 4 - r. Suppose -q - 10 = -u*q. What is the tens digit of q?
1
Let x(g) = -7*g + 2. What is the tens digit of x(-6)?
4
Suppose 5*u - 12 = 3. Suppose 3*k + 50 = 2*m, 0 = 3*m - 4*k - 4 - 72. Suppose -i = u*i - m. What is the units digit of i?
7
Let n(d) = -d**3 - d**2 + d + 1. What is the units digit of n(-4)?
5
Let p(z) = 11*z**3 - 26*z**2 + 13*z - 19. Let j(v) = 7*v**3 - 17*v**2 + 9*v - 13. Let n(t) = 8*j(t) - 5*p(t). What is the units digit of n(6)?
3
Let c(s) = -30*s - 27. What is the tens digit of c(-4)?
9
Suppose 4*q - 61 = 3. Suppose -2*y + 0 = -q. Let j = -5 + y. What is the units digit of j?
3
Let p = -2 + -2. Let q be (p/8)/(1/(-4)). Suppose 0 = q*u - u - 7. What is the units digit of u?
7
Suppose 0 = -2*v + 15 + 9. Suppose v = -3*q + 6*q. Suppose q*p - 19 = 29. What is the tens digit of p?
1
Suppose 0*c = 3*c - 15. Suppose -c*u = -3*v + 110, u - 2 = -3. What is the units digit of v?
5
Let d(y) = -y**3 + 14*y**2 + 21*y + 21. What is the hundreds digit of d(15)?
1
What is the units digit of (-3 - -1) + ((-3)/(-3) - -8)?
7
What is the tens digit of -2 + (-4911)/(-33) - (-2)/11?
4
Suppose -5*o + 450 = 5*n, -o + 164 + 274 = 5*n. What is the units digit of n?
7
Let h(a) = -2*a - 3*a**2 + 2*a**2 + 8*a - 6. Let m be h(4). What is the units digit of (4 - m)*(4 + -1)?
6
Suppose 6*i - 2*i = 20. What is the units digit of i?
5
Let s(y) = y**3 + 25*y**2 - 29*y - 2. What is the tens digit of s(-26)?
7
Suppose 68 = -3*z + 152. What is the units digit of z?
8
Let l(w) = 2*w**2 + 11*w + 18. What is the hundreds digit of l(-12)?
1
Suppose -g + 3 = -0. Suppose -g*h + 0*h = -15. Suppose 0 = -0*k + 5*k - h. What is the units digit of k?
1
Suppose 8 = 2*w - 12. Let v = w + -7. Suppose 5*q = 2 + v. What is the uni